{"id":6,"date":"2026-03-24T06:58:44","date_gmt":"2026-03-24T06:58:44","guid":{"rendered":"https:\/\/armaniplombierparis16.com\/?page_id=6"},"modified":"2026-03-24T11:50:27","modified_gmt":"2026-03-24T11:50:27","slug":"m-armani-plombier-paris-16","status":"publish","type":"page","link":"https:\/\/armaniplombierparis16.com\/","title":{"rendered":"M. Armani Plombier Paris 16"},"content":{"rendered":"\n<p><strong>M. Armani Plombier Paris 16<\/strong> est votre sp\u00e9cialiste en plomberie dans le 16e arrondissement de Paris (75016). Si vous recherchez un <strong>plombier Paris 16<\/strong> fiable, rapide et disponible 24h\/24, <strong>M. Armani Plombier Paris 16<\/strong> intervient pour tous vos besoins en d\u00e9pannage plomberie, recherche de fuite, d\u00e9bouchage de canalisation et r\u00e9paration de chauffe-eau dans tout <strong>Paris 16<\/strong>. Gr\u00e2ce \u00e0 une expertise reconnue, votre <strong>plombier Paris 16<\/strong> assure des interventions rapides et efficaces, que ce soit en urgence ou sur rendez-vous.<\/p>\n\n\n\n<figure class=\"wp-block-embed is-type-video is-provider-youtube wp-block-embed-youtube wp-embed-aspect-16-9 wp-has-aspect-ratio\"><div class=\"wp-block-embed__wrapper\">\n<iframe loading=\"lazy\" title=\"M. Armani Plombier PARIS 16\u1d49 | Interventions 24H\/24 et 7J\/7 | https:\/\/www.plombier24-7.com\/\" width=\"500\" height=\"281\" src=\"https:\/\/www.youtube.com\/embed\/cxOMyc5gAk4?feature=oembed\" frameborder=\"0\" allow=\"accelerometer; autoplay; clipboard-write; encrypted-media; gyroscope; picture-in-picture; web-share\" referrerpolicy=\"strict-origin-when-cross-origin\" allowfullscreen><\/iframe>\n<\/div><\/figure>\n\n\n\n<p>Situ\u00e9 au <strong>17 rue de R\u00e9musat, 75016 Paris<\/strong>, <strong>M. Armani Plombier Paris 16<\/strong> se d\u00e9place rapidement dans tous les quartiers du 16e arrondissement. Pour toute demande de <strong>plombier Paris 16<\/strong>, contactez directement le <strong>01 86 26 72 69<\/strong> ou le <strong>06 66 59 19 23<\/strong>. Votre <strong>plombier Paris 16<\/strong> intervient avec des tarifs transparents et annonc\u00e9s \u00e0 l\u2019avance, avec un d\u00e9placement \u00e0 <strong>39\u20ac HT en journ\u00e9e<\/strong> et <strong>69\u20ac HT en soir\u00e9e, week-end et jours f\u00e9ri\u00e9s<\/strong>.<\/p>\n\n\n\n<figure class=\"wp-block-image size-large\"><img loading=\"lazy\" decoding=\"async\" width=\"1024\" height=\"683\" src=\"https:\/\/armaniplombierparis16.com\/wp-content\/uploads\/2026\/03\/M.-Armani-Plombier-Paris-16-2-1024x683.png\" alt=\"\" class=\"wp-image-68\" srcset=\"https:\/\/armaniplombierparis16.com\/wp-content\/uploads\/2026\/03\/M.-Armani-Plombier-Paris-16-2-1024x683.png 1024w, https:\/\/armaniplombierparis16.com\/wp-content\/uploads\/2026\/03\/M.-Armani-Plombier-Paris-16-2-300x200.png 300w, https:\/\/armaniplombierparis16.com\/wp-content\/uploads\/2026\/03\/M.-Armani-Plombier-Paris-16-2-768x512.png 768w, https:\/\/armaniplombierparis16.com\/wp-content\/uploads\/2026\/03\/M.-Armani-Plombier-Paris-16-2.png 1536w\" sizes=\"auto, (max-width: 1024px) 100vw, 1024px\" \/><\/figure>\n\n\n\n<p>\ud83d\udc49 Localisation Google Maps :<br><strong><a href=\"https:\/\/maps.app.goo.gl\/umeJunLx25j55z7o7\">https:\/\/maps.app.goo.gl\/umeJunLx25j55z7o7<\/a><\/strong><\/p>\n\n\n\n<p><strong>M. Armani Plombier Paris 16<\/strong>, c\u2019est aussi un r\u00e9seau de professionnels capable d\u2019intervenir sur tous types de pannes : fuite d\u2019eau, canalisation bouch\u00e9e, panne de chauffe-eau, r\u00e9paration de robinetterie et installation sanitaire. Chaque <strong>plombier Paris 16<\/strong> intervient rapidement avec du mat\u00e9riel professionnel pour garantir un r\u00e9sultat durable dans tout le <strong>75016<\/strong>.<\/p>\n\n\n\n<p>Pour plus d\u2019informations, consultez le site principal <strong>plombier24-7.com<\/strong> et d\u00e9couvrez l\u2019ensemble des prestations propos\u00e9es par <strong>M. Armani Plombier Paris 16<\/strong>. Que vous recherchiez un <strong>plombier Paris 16<\/strong> en urgence ou pour un simple d\u00e9pannage, vous b\u00e9n\u00e9ficiez d\u2019un service rapide, professionnel et disponible 24h\/24 et 7j\/7 dans tout <strong>Paris 16<\/strong>.<\/p>\n\n\n\n<figure class=\"wp-block-image size-large\"><img loading=\"lazy\" decoding=\"async\" width=\"1024\" height=\"683\" src=\"https:\/\/armaniplombierparis16.com\/wp-content\/uploads\/2026\/03\/accueil-plombier-paris-16-1024x683.png\" alt=\"\" class=\"wp-image-69\" srcset=\"https:\/\/armaniplombierparis16.com\/wp-content\/uploads\/2026\/03\/accueil-plombier-paris-16-1024x683.png 1024w, https:\/\/armaniplombierparis16.com\/wp-content\/uploads\/2026\/03\/accueil-plombier-paris-16-300x200.png 300w, https:\/\/armaniplombierparis16.com\/wp-content\/uploads\/2026\/03\/accueil-plombier-paris-16-768x512.png 768w, https:\/\/armaniplombierparis16.com\/wp-content\/uploads\/2026\/03\/accueil-plombier-paris-16.png 1536w\" sizes=\"auto, (max-width: 1024px) 100vw, 1024px\" \/><\/figure>\n\n\n\n<p><strong>M. Armani Plombier Paris 16<\/strong> intervient pour tout <strong>d\u00e9pannage plomberie Paris 16 (75016)<\/strong> avec une prise en charge rapide et efficace. Si vous recherchez un <strong>plombier Paris 16<\/strong> pour une urgence ou un d\u00e9pannage, <strong>M. Armani Plombier Paris 16<\/strong> est disponible 24h\/24 et 7j\/7 pour intervenir dans les meilleurs d\u00e9lais dans tout <strong>Paris 16<\/strong>.<\/p>\n\n\n\n<p>Le service de <strong>plombier Paris 16<\/strong> couvre toutes les situations : fuite d\u2019eau, canalisation bouch\u00e9e, \u00e9vier obstru\u00e9, WC bouch\u00e9, panne de chauffe-eau ou probl\u00e8me sur installation sanitaire. Un <strong>plombier Paris 16<\/strong> exp\u00e9riment\u00e9 intervient rapidement afin de diagnostiquer et r\u00e9soudre efficacement tous types de probl\u00e8mes de plomberie dans le <strong>75016<\/strong>.<\/p>\n\n\n\n<p>Gr\u00e2ce \u00e0 sa localisation au <strong>17 rue de R\u00e9musat, 75016 Paris<\/strong>, <strong>M. Armani Plombier Paris 16<\/strong> assure des interventions rapides dans tous les quartiers du 16e arrondissement, notamment Passy, Auteuil, La Muette et Porte Dauphine. Votre <strong>plombier Paris 16<\/strong> se d\u00e9place rapidement pour garantir un service efficace et limiter les d\u00e9g\u00e2ts li\u00e9s aux probl\u00e8mes de plomberie.<\/p>\n\n\n\n<p>Les prestations propos\u00e9es par <strong>M. Armani Plombier Paris 16<\/strong> incluent le <strong>d\u00e9pannage plomberie Paris 16<\/strong>, la recherche de fuite, le d\u00e9bouchage de canalisation, la r\u00e9paration de fuite d\u2019eau, le remplacement de chauffe-eau et l\u2019entretien des installations sanitaires. Chaque <strong>plombier Paris 16<\/strong> intervient avec du mat\u00e9riel professionnel afin d\u2019assurer un r\u00e9sultat rapide et durable dans tout <strong>Paris 16<\/strong>.<\/p>\n\n\n\n<figure class=\"wp-block-image size-large\"><img loading=\"lazy\" decoding=\"async\" width=\"1024\" height=\"683\" src=\"https:\/\/armaniplombierparis16.com\/wp-content\/uploads\/2026\/03\/Depannage-plomberie-Paris-16-2-1024x683.png\" alt=\"\" class=\"wp-image-70\" srcset=\"https:\/\/armaniplombierparis16.com\/wp-content\/uploads\/2026\/03\/Depannage-plomberie-Paris-16-2-1024x683.png 1024w, https:\/\/armaniplombierparis16.com\/wp-content\/uploads\/2026\/03\/Depannage-plomberie-Paris-16-2-300x200.png 300w, https:\/\/armaniplombierparis16.com\/wp-content\/uploads\/2026\/03\/Depannage-plomberie-Paris-16-2-768x512.png 768w, https:\/\/armaniplombierparis16.com\/wp-content\/uploads\/2026\/03\/Depannage-plomberie-Paris-16-2.png 1536w\" sizes=\"auto, (max-width: 1024px) 100vw, 1024px\" \/><\/figure>\n\n\n\n<p>Faire appel \u00e0 <strong>M. Armani Plombier Paris 16<\/strong>, c\u2019est choisir un <strong>plombier Paris 16<\/strong> fiable, disponible et r\u00e9actif pour tous vos besoins en plomberie dans le <strong>75016<\/strong>. Le service est assur\u00e9 24h\/24 et 7j\/7 pour r\u00e9pondre \u00e0 toutes les demandes, qu\u2019il s\u2019agisse d\u2019une urgence ou d\u2019une intervention programm\u00e9e.<\/p>\n\n\n\n<p><strong>M. Armani Plombier Paris 16<\/strong> met \u00e0 disposition un service complet de <strong>plombier Paris 16<\/strong> avec des interventions rapides dans tout le <strong>75016<\/strong>. Que ce soit pour un d\u00e9pannage plomberie, une urgence, une recherche de fuite ou un d\u00e9bouchage, votre <strong>plombier Paris 16<\/strong> intervient avec efficacit\u00e9 et professionnalisme dans tout <strong>Paris 16<\/strong>.<\/p>\n\n\n\n<p>Pour faciliter vos demandes d\u2019intervention, <strong>M. Armani Plombier Paris 16<\/strong> propose \u00e9galement une application d\u00e9di\u00e9e permettant d\u2019acc\u00e9der facilement \u00e0 tous les services de plomberie. Gr\u00e2ce \u00e0 l\u2019application <strong>plombier24-7.app<\/strong>, vous pouvez consulter les tarifs, faire une demande d\u2019intervention et b\u00e9n\u00e9ficier de conditions avantageuses directement en ligne. L\u2019application <strong>plombier24-7.app<\/strong> permet de contacter rapidement un <strong>plombier Paris 16<\/strong> et d\u2019obtenir une intervention encore plus rapide dans tout le <strong>75016<\/strong>.<\/p>\n\n\n\n<p>Avec <strong>M. Armani Plombier Paris 16<\/strong>, vous b\u00e9n\u00e9ficiez d\u2019un service moderne, accessible et optimis\u00e9 pour r\u00e9pondre \u00e0 toutes les demandes de plomberie \u00e0 <strong>Paris 16<\/strong>. Que vous passiez par t\u00e9l\u00e9phone au <strong>01 86 26 72 69<\/strong> ou <strong>06 66 59 19 23<\/strong>, ou directement via l\u2019application <strong>plombier24-7.app<\/strong>, votre <strong>plombier Paris 16<\/strong> reste disponible 24h\/24 et 7j\/7.<\/p>\n\n\n\n<figure class=\"wp-block-image size-large\"><img loading=\"lazy\" decoding=\"async\" width=\"1024\" height=\"683\" src=\"https:\/\/armaniplombierparis16.com\/wp-content\/uploads\/2026\/03\/Plombier-pas-cher-Paris-16-1024x683.png\" alt=\"\" class=\"wp-image-72\" srcset=\"https:\/\/armaniplombierparis16.com\/wp-content\/uploads\/2026\/03\/Plombier-pas-cher-Paris-16-1024x683.png 1024w, https:\/\/armaniplombierparis16.com\/wp-content\/uploads\/2026\/03\/Plombier-pas-cher-Paris-16-300x200.png 300w, https:\/\/armaniplombierparis16.com\/wp-content\/uploads\/2026\/03\/Plombier-pas-cher-Paris-16-768x512.png 768w, https:\/\/armaniplombierparis16.com\/wp-content\/uploads\/2026\/03\/Plombier-pas-cher-Paris-16.png 1536w\" sizes=\"auto, (max-width: 1024px) 100vw, 1024px\" \/><\/figure>\n\n\n\n<p>Pour toute intervention, retrouvez \u00e9galement toutes les informations sur le site principal <strong>plombier24-7.com<\/strong> ainsi que via la localisation Google Maps :<br><strong><a href=\"https:\/\/maps.app.goo.gl\/umeJunLx25j55z7o7\">https:\/\/maps.app.goo.gl\/umeJunLx25j55z7o7<\/a><\/strong><\/p>\n\n\n\n<p><strong>M. Armani Plombier Paris 16<\/strong> \u2013 <strong>17 rue de R\u00e9musat, 75016 Paris<\/strong> \u2013 votre <strong>plombier Paris 16<\/strong> de r\u00e9f\u00e9rence pour toutes vos interventions de plomberie dans le <strong>75016<\/strong>. <\/p>\n\n\n\n<p>Retrouvez \u00e9galement <strong>M. Armani Plombier<\/strong> dans plusieurs arrondissements de Paris avec nos services de <strong>plombier Paris 13<\/strong>, <strong>plombier Paris 16<\/strong> et <strong>plombier Paris 17<\/strong>, assurant une couverture compl\u00e8te pour tous vos besoins en d\u00e9pannage plomberie.<\/p>\n\n\n\n<p>\ud83d\udc49 Acc\u00e8s direct aux pages locales :<br><strong>Plombier Paris 13<\/strong> : <a href=\"https:\/\/www.plombier24-7.com\/plombier-paris-13-m-armani-plombier\">https:\/\/www.plombier24-7.com\/plombier-paris-13-m-armani-plombier<\/a><br><strong>Plombier Paris 16<\/strong> : <a href=\"https:\/\/www.plombier24-7.com\/plombier-paris-16-m-armani-plombier\">https:\/\/www.plombier24-7.com\/plombier-paris-16-m-armani-plombier<\/a><br><strong>Plombier Paris 17<\/strong> : <a href=\"https:\/\/www.plombier24-7.com\/plombier-paris-17-m-armani-plombier\">https:\/\/www.plombier24-7.com\/plombier-paris-17-m-armani-plombier<\/a><\/p>\n\n\n\n<p>\ud83d\udc49 Consultez \u00e9galement nos fiches Google Maps :<br><strong>Plombier Paris 16 (Google Maps)<\/strong> : <a href=\"https:\/\/maps.app.goo.gl\/umeJunLx25j55z7o7\">https:\/\/maps.app.goo.gl\/umeJunLx25j55z7o7<\/a><br><strong>Plombier Paris 13 (Google Maps)<\/strong> : <a href=\"https:\/\/share.google\/h1P88qfFcX5aDQnHa\">https:\/\/share.google\/h1P88qfFcX5aDQnHa<\/a><br><strong>Plombier Paris 17 (Google Maps)<\/strong> : <a href=\"https:\/\/share.google\/ehojtjegcrsVcJk8N\">https:\/\/share.google\/ehojtjegcrsVcJk8N<\/a><\/p>\n\n\n\n<p>\ud83d\udc49 Site principal :<br><a href=\"https:\/\/plombier24-7.com\">https:\/\/plombier24-7.com<\/a><\/p>\n\n\n\n<p> <\/p>\n\n\n\n<p><a href=\"https:\/\/armaniplombierparis16.com\/\" data-type=\"page\" data-id=\"6\">Plombier Paris 16<br><\/a><a href=\"https:\/\/armaniplombierparis16.com\/index.php\/plombier-75016\/\" data-type=\"page\" data-id=\"14\">Plombier 75016<br><\/a><a href=\"https:\/\/armaniplombierparis16.com\/index.php\/artisan-plombier-paris-16\/\" data-type=\"page\" data-id=\"16\">Artisan plombier Paris 16<br><\/a><a href=\"https:\/\/armaniplombierparis16.com\/index.php\/depannage-plomberie-paris-16\/\" data-type=\"page\" data-id=\"22\">D\u00e9pannage plomberie Paris 16<br><\/a><a href=\"https:\/\/armaniplombierparis16.com\/index.php\/urgence-plombier-paris-16\/\" data-type=\"page\" data-id=\"27\">Urgence plombier Paris 16<br><\/a><a href=\"https:\/\/armaniplombierparis16.com\/index.php\/debouchage-paris-16\/\" data-type=\"page\" data-id=\"29\">D\u00e9bouchage Paris 16<br><\/a><a href=\"https:\/\/armaniplombierparis16.com\/index.php\/recherche-fuite-paris-16\/\" data-type=\"page\" data-id=\"31\">Recherche fuite Paris 16<br><\/a><a href=\"https:\/\/armaniplombierparis16.com\/index.php\/chauffe-eau-paris-16\/\" data-type=\"page\" data-id=\"33\">Chauffe-eau Paris 16<br><\/a><a href=\"https:\/\/armaniplombierparis16.com\/index.php\/plombier-passy\/\" data-type=\"page\" data-id=\"35\">Plombier Passy<br><\/a><a href=\"https:\/\/armaniplombierparis16.com\/index.php\/plombier-auteuil\/\" data-type=\"page\" data-id=\"37\">Plombier Auteuil<br><\/a><a href=\"https:\/\/armaniplombierparis16.com\/index.php\/plombier-la-muette\/\" data-type=\"page\" data-id=\"39\">Plombier La Muette<br><\/a><a href=\"https:\/\/armaniplombierparis16.com\/index.php\/plombier-porte-dauphine\/\" data-type=\"page\" data-id=\"41\">Plombier Porte Dauphine<\/a><\/p>\n\n\n\n<p><\/p>\n","protected":false},"excerpt":{"rendered":"<p>M. Armani Plombier Paris 16 est votre sp\u00e9cialiste en plomberie dans le 16e arrondissement de Paris (75016). Si vous recherchez un plombier Paris 16 fiable, rapide et disponible 24h\/24, M. Armani Plombier Paris 16 intervient pour tous vos besoins en d\u00e9pannage plomberie, recherche de fuite, d\u00e9bouchage de canalisation et r\u00e9paration de chauffe-eau dans tout Paris [&hellip;]<\/p>\n","protected":false},"author":1,"featured_media":0,"parent":0,"menu_order":0,"comment_status":"closed","ping_status":"closed","template":"","meta":{"footnotes":""},"class_list":["post-6","page","type-page","status-publish","hentry"],"_links":{"self":[{"href":"https:\/\/armaniplombierparis16.com\/index.php\/wp-json\/wp\/v2\/pages\/6","targetHints":{"allow":["GET"]}}],"collection":[{"href":"https:\/\/armaniplombierparis16.com\/index.php\/wp-json\/wp\/v2\/pages"}],"about":[{"href":"https:\/\/armaniplombierparis16.com\/index.php\/wp-json\/wp\/v2\/types\/page"}],"author":[{"embeddable":true,"href":"https:\/\/armaniplombierparis16.com\/index.php\/wp-json\/wp\/v2\/users\/1"}],"replies":[{"embeddable":true,"href":"https:\/\/armaniplombierparis16.com\/index.php\/wp-json\/wp\/v2\/comments?post=6"}],"version-history":[{"count":9,"href":"https:\/\/armaniplombierparis16.com\/index.php\/wp-json\/wp\/v2\/pages\/6\/revisions"}],"predecessor-version":[{"id":77,"href":"https:\/\/armaniplombierparis16.com\/index.php\/wp-json\/wp\/v2\/pages\/6\/revisions\/77"}],"wp:attachment":[{"href":"https:\/\/armaniplombierparis16.com\/index.php\/wp-json\/wp\/v2\/media?parent=6"}],"curies":[{"name":"wp","href":"https:\/\/api.w.org\/{rel}","templated":true}]}}